*j + j - r. Let d = -54 + j. Calculate the highest common divisor of 2 and d.
2
Suppose 0 = 48*n + 68*n - 148*n + 103008. What is the highest common divisor of n and 111?
111
Suppose 2*q = -5*n + 2125, -7*q + 2*q = -n + 425. Calculate the greatest common divisor of n and 153.
17
Suppose 26778 + 34052 = 31*q - 65898. Calculate the highest common factor of q and 168.
56
Let j = -779 - -317. Let a be 0 + (2 - j/3). Let o(h) = -13*h**2 - 107*h + 15. Let w be o(-8). Calculate the highest common divisor of a and w.
39
Suppose -271*c - 94*c + 3401070 = 0. What is the greatest common divisor of 6 and c?
6
Suppose -955*y = -5*j - 950*y + 1290, 4*j - 1080 = -2*y. Calculate the highest common divisor of j and 13433.
133
Suppose -40*c - 24 = -421 + 37. What is the greatest common factor of 15696 and c?
9
Suppose 25569 + 19515 = 10*c + 2*c. What is the highest common divisor of 34 and c?
17
Let n = 6 + 3. Let i = 34 + -30. Suppose 4*d - 9 - 3 = 0, 5*d = i*v - 129. What is the greatest common divisor of v and n?
9
Suppose 4*m - 9514 = 5*v, 2*m - 7*m = -4*v - 11888. Suppose 4*j + 5*j = m. Calculate the highest common factor of j and 33.
33
Let a be (0 + 20)*(2 - 5)*(-561)/34. What is the greatest common divisor of a and 132?
66
Let i be 2 + 0/(-3) - -18. Let t = -7 + i. Let b = 32106 - 31898. What is the highest common divisor of b and t?
13
Let w = 15571 - 15373. Calculate the highest common factor of w and 880.
22
Let l(u) = 8*u**2 - 50*u + 138. Let a be l(25). What is the highest common factor of 576 and a?
144
Let o = -9552 + 10560. What is the greatest common divisor of o and 6768?
144
Suppose 3257 = -8*r + 8697. Let s be (-1598)/(-16) - (-85)/r. What is the highest common factor of 10 and s?
10
Let u(r) = r + 2. Let c be u(0). Let y(n) = -n - 3. Let o be y(-7). Suppose 42 = a - f, -a - 5*f - o + 22 = 0. Calculate the greatest common divisor of c and a.
2
Suppose c + 347 = 2*c - 3*h, 2*c - 4*h = 692. Let l(x) = -50*x - 7. Let y be l(-1). What is the highest common divisor of c and y?
43
Let n = 44 + -57. Let s = n - -13. Suppose 3*y = -v - 20 + 59, s = -5*v + 2*y + 195. What is the highest common divisor of 3 and v?
3
Suppose -4*a + 4*f = -15648, 7*a + 56*f - 54*f - 27312 = 0. Calculate the greatest common factor of a and 427.
61
Let h = 12464 - 12438. What is the highest common factor of h and 100?
2
Suppose -2*m = -5 - 1. Let g be m/(4 + -1) + 21. Let r = 789 - 547. Calculate the greatest common divisor of g and r.
22
Let q be 861/42 - (-2)/4. Let b = 829 + -472. Calculate the highest common divisor of q and b.
21
Suppose -10*p + 5*p = j - 93, -84 = -j - 2*p. Let q(b) = -52*b**3 - b**2 + 1. Let i = 15 + -16. Let x be q(i). Calculate the greatest common divisor of j and x.
26
Suppose -3*i - 143*u + 142*u + 610 = 0, 3*i = 2*u + 607. Calculate the highest common factor of 63 and i.
7
Suppose 5*u - 2052 = 5*o + 1003, 3*o - 15 = 0. What is the greatest common divisor of 286 and u?
22
Let d = 6561 + -5362. Calculate the greatest common factor of 3488 and d.
109
Let t be 1/(10/(10 + 3240)). Let k be (2 - -267) + -4 + -5. What is the highest common factor of k and t?
65
Let m(p) = -p**3 + 30*p**2 + 28*p - 69. Let f(z) = 2*z**2 + z + 2. Let w(a) = 6*f(a) - m(a). Let o be w(19). What is the greatest common factor of o and 396?
12
Suppose 4 = -2*h + 2. Let s be -4 - ((2 - 3) + h). Let g(t) = t**2 - t + 1. Let z be g(s). What is the highest common divisor of z and 7?
7
Let u be ((-11)/(-209))/(18/16074). Calculate the greatest common factor of u and 15839.
47
Let q be 1 + -2 - (0 + (0 - 7)). Let w be (1*20/q)/((-1)/(-6)). Calculate the greatest common divisor of w and 100.
20
Suppose 0 = 3*t - 5*l - 58, -2*t = 2*t - 4*l - 80. Suppose -t*c = -125 - 85. What is the greatest common divisor of c and 310?
10
Let a be (1 + 1)/((40/35)/4). Suppose -5*w = -27 + a. Let s = w + 17. What is the highest common factor of s and 7?
7
Let b be 3*104/54 + 4/18. Let n = 18 + b. Suppose 0 = -3*o - 25 + 97. Calculate the greatest common divisor of n and o.
24
Let p(w) = 165*w**2 - 28. Let u be p(-3). Calculate the greatest common divisor of 155 and u.
31
Suppose 4*a + 60 = 4*c, -c - 30 = -3*c - 2*a. Let s be 45 + (-2 + (-288)/(-138) - (-3712)/(-368)). What is the highest common divisor of s and c?
5
Let h = -89 + 142. Suppose 32 = -3*a + h. Let k(l) = 14*l**2. Let j be k(-1). Calculate the greatest common factor of j and a.
7
Suppose -22*i - 7 = -73. Let u(o) = 26*o**2 + 7*o - 23. Let s be u(i). What is the greatest common divisor of 58 and s?
58
Let x = -793 + 817. Calculate the highest common divisor of x and 108.
12
Let k(t) = 316*t - 9369. Let h be k(30). Let p = 3 - 3. Suppose r - 6*r + 185 = p. Calculate the highest common factor of h and r.
37
Suppose -2*q + 1323 = 1297. Suppose -17*a + q*a + 560 = 0. What is the greatest common factor of a and 40?
20
Let j(l) = l**2 - l. Let a(v) = -6*v**2 + 14*v - 44. Let x(z) = -a(z) - 5*j(z). Let f be x(28). What is the highest common factor of 18 and f?
18
Suppose -2637 = 41*v - 12805. Calculate the highest common factor of v and 552.
8
Let u = -61 - -63. Let t(k) = 5*k + 1. Let m be t(u). Let l(p) = p**3 + 5*p**2 - 7*p - 5. Let r be l(-6). What is the greatest common factor of r and m?
1
Let d(b) = 290*b - 10966. Let y be d(43). Suppose -4*a + 391 = 5*v, -4*a + 4*v + 367 = v. What is the highest common factor of y and a?
94
Let o(k) = 9*k**2 - 4*k - 22. Let d be o(6). Suppose -15*n + 11*n + 5*g + d = 0, 2*g - 4 = 0. Calculate the highest common factor of n and 252.
36
Suppose -f + 2*l = -0*l - 284, -2*l = 2*f - 586. Calculate the greatest common factor of 2842 and f.
58
Suppose 5*j - 20 = 0, -8*x + 4*j + 24 = -4*x. Let f(q) = -2*q**2 - 55*q - 75. Let u be f(-25). Calculate the greatest common factor of x and u.
10
Suppose -u - 5*s = -42, 4*s = 19*u - 18*u + 12. Calculate the highest common factor of u and 1194.
6
Suppose -78 = -6*j - 1824. Let q = -191 - j. Calculate the highest common divisor of q and 175.
25
Let b be 907 + (-176)/(9 + -25). Calculate the highest common divisor of b and 51.
51
Let u be (-2)/(-21) - (-3915)/567. Suppose 2*c + 2*a - u*a - 14 = 0, -a = -5*c + 12. Calculate the greatest common divisor of 6 and c.
2
Let o = -17278 - -17343. Calculate the highest common divisor of o and 100.
5
Let j = 24755 - 24751. Let p be 12/(-14)*(2 - 9). Let c be (88/p)/(2/6). What is the highest common divisor of j and c?
4
Let w(s) = 161*s**2 - 49*s - 2. Let i be w(1). What is the highest common divisor of 110 and i?
110
Let h = -43 + 48. Suppose 5*j + 74 = 2*w - 224, h*w - 2*j = 787. What is the highest common factor of w and 106?
53
Let b = 5 + -1. Let l(s) = 2*s**2 - 5*s. Let g be l(b). Suppose -118*d + 117*d - 3 = 0, d = q - 39. What is the greatest common factor of g and q?
12
Let y be 8/(64/51886) - 40/(-32). What is the highest common factor of 13 and y?
13
Suppose -y - 4*c + 157 = 0, 0 = 4*y + 5*c - 594 - 45. Let w = -9 + 10. Let s be ((-138)/18)/(w/(-3)). Calculate the highest common divisor of y and s.
23
Suppose -6*m + 4576 = -13 - 139. What is the highest common divisor of 8 and m?
4
Suppose -4*t - 30 = -5*i + 37, -5*t + 7 = 2*i. Suppose -105*q + 10127 = 887. What is the highest common factor of q and i?
11
Let u be -74*(-112)/32 - (-1 + 0). What is the highest common divisor of 380 and u?
20
Suppose -79*t + 1290 = -74*t. Let v = -82 + t. Calculate the highest common divisor of v and 132.
44
Suppose 2*z - 62 = -2*x, -76*z = 4*x - 74*z - 128. Calculate the greatest common divisor of x and 11.
11
Suppose 5*v + 39 + 161 = 0. Let x be v/(-140) - (-173)/7. Let k be x/((-3)/(-1) + (9 - 11)). What is the greatest common factor of 50 and k?
25
Let y(d) be the third derivative of d**4/6 + 67*d**3/2 + 44*d**2. Let q be y(-42). Calculate the highest common factor of 132 and q.
33
Let d(k) = k**2 + 15*k + 26. Suppose 2*j - 65 + 29 = 0. Let u be d(j). What is the greatest common factor of u and 31?
31
Suppose -10797 - 28227 = -174*i - 8052. What is the greatest common factor of i and 445?
89
Let v be 10*4*6/16. Let o(u) = u**2 - 8*u + 7. Let z be o(-3). What is the greatest common factor of v and z?
5
Let f be (-5)/(-2)*84/10. Let t be 12/3*-1 - -91. Suppose 112 = 91*s - t*s. What is the highest common factor of f and s?
7
Let c(s